{"id":159,"date":"2017-10-24T11:46:36","date_gmt":"2017-10-24T11:46:36","guid":{"rendered":"http:\/\/www.intermaco.pt\/web3\/?page_id=159"},"modified":"2019-11-12T11:08:04","modified_gmt":"2019-11-12T11:08:04","slug":"area-restrita-2","status":"publish","type":"page","link":"https:\/\/www.intermaco.pt\/web3\/area-restrita-2\/","title":{"rendered":"\u00c1rea restrita"},"content":{"rendered":"<div class=\"members-access-error\">N\u00e3o tem permiss\u00e3o para ver este conte\u00fado.<\/div>\n","protected":false},"excerpt":{"rendered":"<div class=\"members-access-error\">N\u00e3o tem permiss\u00e3o para ver este conte\u00fado.<\/div>\n","protected":false},"author":1,"featured_media":0,"parent":0,"menu_order":0,"comment_status":"closed","ping_status":"closed","template":"","meta":[],"wppr_data":{"cwp_meta_box_check":"No"},"_links":{"self":[{"href":"https:\/\/www.intermaco.pt\/web3\/wp-json\/wp\/v2\/pages\/159"}],"collection":[{"href":"https:\/\/www.intermaco.pt\/web3\/wp-json\/wp\/v2\/pages"}],"about":[{"href":"https:\/\/www.intermaco.pt\/web3\/wp-json\/wp\/v2\/types\/page"}],"author":[{"embeddable":true,"href":"https:\/\/www.intermaco.pt\/web3\/wp-json\/wp\/v2\/users\/1"}],"replies":[{"embeddable":true,"href":"https:\/\/www.intermaco.pt\/web3\/wp-json\/wp\/v2\/comments?post=159"}],"version-history":[{"count":85,"href":"https:\/\/www.intermaco.pt\/web3\/wp-json\/wp\/v2\/pages\/159\/revisions"}],"predecessor-version":[{"id":164,"href":"https:\/\/www.intermaco.pt\/web3\/wp-json\/wp\/v2\/pages\/159\/revisions\/164"}],"wp:attachment":[{"href":"https:\/\/www.intermaco.pt\/web3\/wp-json\/wp\/v2\/media?parent=159"}],"curies":[{"name":"wp","href":"https:\/\/api.w.org\/{rel}","templated":true}]}}